{"id":1177,"date":"2022-01-01T00:01:00","date_gmt":"2021-12-31T23:01:00","guid":{"rendered":"http:\/\/apimm.eu\/?page_id=1177"},"modified":"2026-02-11T22:43:19","modified_gmt":"2026-02-11T21:43:19","slug":"cartes-aeronautiques","status":"publish","type":"page","link":"http:\/\/apimm.eu\/index.php\/cartes-aeronautiques\/","title":{"rendered":"Cartes a\u00e9ronautiques"},"content":{"rendered":"\n<p>Lors de l&rsquo;AG du 11\/11\/22 deux cartes, sur lesquelles sont report\u00e9es les informations a\u00e9ronautiques, vous ont \u00e9t\u00e9 pr\u00e9sent\u00e9es. <\/p>\n\n\n\n<p>Vous pouvez les t\u00e9l\u00e9charger au format <em>.pdf<\/em> en cliquant sur les miniatures ci-dessous. <\/p>\n\n\n\n<ul class=\"wp-block-list\">\n<li>La premi\u00e8re est centr\u00e9e sur l&rsquo;a\u00e9rodrome de Chambley (LFJY), avec mention des zones d&rsquo;\u00e9levage sensible.<\/li>\n\n\n\n<li>La seconde l&rsquo;est sur le plan d&rsquo;eau de Metz.<\/li>\n<\/ul>\n\n\n<div class=\"wp-block-image\">\n<figure class=\"aligncenter size-full\"><a href=\"http:\/\/apimm.eu\/wp-content\/uploads\/2022\/12\/Carte-IGN_secteur-LFJY.pdf\" target=\"_blank\" rel=\" noreferrer noopener\"><img loading=\"lazy\" decoding=\"async\" width=\"227\" height=\"271\" src=\"http:\/\/apimm.eu\/wp-content\/uploads\/2022\/12\/Carte-IGN_secteur-LFJY.jpg\" alt=\"\" class=\"wp-image-1173\"\/><\/a><figcaption class=\"wp-element-caption\">Carte centr\u00e9e sur CHAMBLEY (LFJY)<\/figcaption><\/figure>\n<\/div>\n\n<div class=\"wp-block-image\">\n<figure class=\"aligncenter size-full\"><a href=\"http:\/\/apimm.eu\/wp-content\/uploads\/2025\/11\/Metz-OACI-APIMM.pdf\" target=\"_blank\" rel=\" noreferrer noopener\"><img loading=\"lazy\" decoding=\"async\" width=\"323\" height=\"227\" src=\"http:\/\/apimm.eu\/wp-content\/uploads\/2022\/12\/Metz-OACI-APIMM-BR.jpg\" alt=\"\" class=\"wp-image-1176\" srcset=\"http:\/\/apimm.eu\/wp-content\/uploads\/2022\/12\/Metz-OACI-APIMM-BR.jpg 323w, http:\/\/apimm.eu\/wp-content\/uploads\/2022\/12\/Metz-OACI-APIMM-BR-300x211.jpg 300w\" sizes=\"auto, (max-width: 323px) 100vw, 323px\" \/><\/a><figcaption class=\"wp-element-caption\">Carte centr\u00e9e sur METZ<\/figcaption><\/figure>\n<\/div>\n\n\n<ul class=\"wp-block-list\">\n<li>Le cheminement complet du couloir de drones entre l&rsquo;h\u00f4pital Mercy \u00e0 METZ, et l&rsquo;h\u00f4pital Bel Air \u00e0 THIONVILLE (<em>Cf SUP AIP 216\/25<\/em>)<\/li>\n<\/ul>\n\n\n\n<ol class=\"wp-block-list\">\n<li>-Sur fond de carte IGN au 1\/100 000\u00e8me avec points GPS : <br><a href=\"http:\/\/apimm.eu\/wp-content\/uploads\/2026\/02\/drones_Mercy-BelAir_IGNGPS.pdf\" target=\"_blank\" rel=\"noreferrer noopener\">drones_Mercy-BelAir_IGN&amp;GPS.pdf<\/a><\/li>\n\n\n\n<li>Sur fond de carte GoogleMaps :<br><a href=\"http:\/\/apimm.eu\/wp-content\/uploads\/2025\/10\/drones_Mercy-BelAir.pdf\" target=\"_blank\" rel=\"noreferrer noopener\">drones_Mercy-BelAir.pdf<\/a><\/li>\n\n\n\n<li>Le SUP AIP 216\/25 publi\u00e9 par la DGAC le 18 d\u00e9cembre 2025 : <br><a href=\"http:\/\/apimm.eu\/wp-content\/uploads\/2026\/02\/lf_sup_2025_216_fr.pdf\" target=\"_blank\" rel=\"noreferrer noopener\">lf_sup_2025_154_fr.pdf<\/a><\/li>\n<\/ol>\n\n\n\n<p><\/p>\n","protected":false},"excerpt":{"rendered":"<p>Lors de l&rsquo;AG du 11\/11\/22 deux cartes, sur lesquelles sont report\u00e9es les informations a\u00e9ronautiques, vous ont \u00e9t\u00e9 pr\u00e9sent\u00e9es. Vous pouvez les t\u00e9l\u00e9charger au format .pdf en cliquant sur les miniatures ci-dessous.<\/p>\n","protected":false},"author":2,"featured_media":0,"parent":0,"menu_order":0,"comment_status":"closed","ping_status":"closed","template":"","meta":{"footnotes":""},"class_list":["post-1177","page","type-page","status-publish","hentry"],"_links":{"self":[{"href":"http:\/\/apimm.eu\/index.php\/wp-json\/wp\/v2\/pages\/1177","targetHints":{"allow":["GET"]}}],"collection":[{"href":"http:\/\/apimm.eu\/index.php\/wp-json\/wp\/v2\/pages"}],"about":[{"href":"http:\/\/apimm.eu\/index.php\/wp-json\/wp\/v2\/types\/page"}],"author":[{"embeddable":true,"href":"http:\/\/apimm.eu\/index.php\/wp-json\/wp\/v2\/users\/2"}],"replies":[{"embeddable":true,"href":"http:\/\/apimm.eu\/index.php\/wp-json\/wp\/v2\/comments?post=1177"}],"version-history":[{"count":29,"href":"http:\/\/apimm.eu\/index.php\/wp-json\/wp\/v2\/pages\/1177\/revisions"}],"predecessor-version":[{"id":1405,"href":"http:\/\/apimm.eu\/index.php\/wp-json\/wp\/v2\/pages\/1177\/revisions\/1405"}],"wp:attachment":[{"href":"http:\/\/apimm.eu\/index.php\/wp-json\/wp\/v2\/media?parent=1177"}],"curies":[{"name":"wp","href":"https:\/\/api.w.org\/{rel}","templated":true}]}}